{"id":2494,"date":"2018-10-28T19:47:03","date_gmt":"2018-10-28T18:47:03","guid":{"rendered":"http:\/\/www.amiciinsieme.it\/?page_id=2494"},"modified":"2018-11-01T08:28:15","modified_gmt":"2018-11-01T07:28:15","slug":"concorso-di-poesia-verso-i-versi-2018","status":"publish","type":"page","link":"https:\/\/www.amiciinsieme.it\/index.php\/albo-doro-concorso-di-poesia-verso-i-versi\/concorso-di-poesia-verso-i-versi-2018\/","title":{"rendered":"Concorso di Poesia &#8211; &#8220;Verso i versi&#8221; &#8211; 2018"},"content":{"rendered":"<h2><em><strong>Concorso di Poesia &#8211; &#8220;Verso i versi&#8221; &#8211; 2018<\/strong><\/em><\/h2>\n<p>&nbsp;<\/p>\n<p>Presso il Centro Civico \u201cG. Siani\u201d a Siano, sabato scorso 8 settembre alla presenza di tantissime persone si \u00e8 tenuta la cerimonia di premiazione della XIII edizione del concorso nazionale di poesia \u201c<strong><em>Verso i versi<\/em><\/strong>\u201d Citt\u00e0 di Siano (SA) organizzato dall\u2019Associazione socio culturale\u201c<em>Amici Insieme<\/em>\u201d.&nbsp;<\/p>\n<p>\u201c<em>Siamo soddisfatti del successo di questa tredicesima edizione del concorso e della serata vista la presenza di tante persone che attendevano questo appuntamento di fine estate. <\/em><\/p>\n<p style=\"text-align: left;\"><!--more--><\/p>\n<p><em>Puntiamo a crescere ancora perch\u00e9 riteniamo che la cultura sia essenziale per migliorare la qualit\u00e0 sociale, economica e politica di una societ\u00e0. Senza alcuna presunzione, ormai il concorso \u201cVerso i versi\u201d Citt\u00e0 di Siano (SA), edizione dopo edizione, \u00e8 cresciuto in termini di visibilit\u00e0, tanto, da crearsi un suo spazio nel circuito dei concorsi letterari nel panorama nazionale<\/em>\u201d.<\/p>\n<p>Queste le parole iniziali, che accompagnano i saluti di Andrea Riccio, Presidente dell\u2019associazione, che da circa diciassette anni insieme a tanti giovani collaboratori, che durante la cerimonia ha pi\u00f9 volte ringraziato, sta contribuendo con professionalit\u00e0 alla crescita socio-culturale, al rilancio e alla promozione&nbsp; di Siano.&nbsp;<\/p>\n<p>Per questa tredicesima edizione il bando prevedeva due sezioni, a tema libero, in lingua italiana e vernacolo. Inoltre, per il quinto anno, in collaborazione con la scuola secondaria di I grado di Siano, \u00e8 stato celebrato il 21 marzo dichiarato dall\u2019UNESCO dal 1999 \u201c<em>Giornata Mondiale della Poesia<\/em>\u201d. Durante la serata saranno declamate alcune poesie scritte dagli stessi ragazzi, premiate ed inserite nell\u2019antologia poetica del concorso. Il presidente Riccio ha evidenziato che anche questa edizione \u00e8 stata impreziosita dai premi di rappresentanza inviati dalla Presidenza del Senato della Repubblica e dalla Camera di Commercio, ricevendo anche il patrocinio morale di Camera dei Deputati, Ministero per i Beni ed Attivit\u00e0 Culturali, ha poi ringraziato i componenti della giuria presieduta dalla prof.ssa Gaetana Leo coadiuvata dalle prof.sse Concetta Riccio e Anna Maria Giordano e dal&nbsp; prof. Francesco Caiazza.<\/p>\n<p>L\u2019associazione ha messo campo un\u2019ottima organizzazione curando tutto nei minimi particolari a partire dall\u2019accoglienza dei vincitori, che hanno avuto modo, guidati dai collaboratori dell\u2019associazione, di fare un giro per il paese ed &nbsp;ammirare le bellezze artistiche ed architettoniche dello stesso, non tralasciando niente al caso.<\/p>\n<p>Intervengo in sequenza il Sindaco, dott. Giorgio Marchese, e il Dirigente dell\u2019Istituto comprensivo, prof. Rosario Pesce, che hanno sottolineato l\u2019importanza della sinergia necessaria per la crescita del territorio tra Comune, Scuola e mondo associativo, sottolineando la valenza culturale della manifestazione e l\u2019impegno dell\u2019associazione \u201cAmici Insieme\u201d per la realizzazione di un\u2019iniziativa di uno spessore cos\u00ec&nbsp; elevato.<\/p>\n<p>In successione poi prendono la parola il consigliere regionale Franco Picarone, a e il deputato On. Piero De Luca che hanno sottolineato l\u2019importanza della poesia, l\u2019importanza ed il valore della cultura e tutte le iniziative di natura sociale e culturale vanno sostenute, riconoscendo all\u2019Associazione di aver messo in campo una manifestazione di tutto rispetto.<\/p>\n<p>Successivamente prende la parola il Presidente della Giuria, prof.ssa Gaetana, la quale ha avuto parole di elogio per l\u2019organizzazione ed ha illustrato i criteri seguiti dalla Giuria nell\u2019assegnazione dei premi. Nel pi\u00f9 totale anonimato, la Giuria, incaricata di valutare le composizioni poetiche, ha innanzi tutto preso atto della numerosa partecipazione ed ha sottolineato il livello qualitativo dei testi ritenendolo elevato. Una prima fase di lettura e di giudizio \u00e8 stata compiuta singolarmente da ciascuno dei componenti la Giuria e successivamente, ha avuto luogo un\u2019attenta comparazione, con una unanime indicazione finale di classifica e dei premi da attribuire.<\/p>\n<p>&nbsp;<\/p>\n<p>Si parte con la premiazione della sezione \u201cVernacolo\u201d e l\u2019assegnazione del Premio Speciale della&nbsp; Giuria&nbsp; a <strong>Francesco Milillo<\/strong> di Bari (BA)&nbsp; con la poesia \u201c<em>Na\u2019 fotografi<\/em> \u201c, a M<strong>auro Milani<\/strong> di Genova&nbsp; con la poesia \u201c<em>Fuoc\u2019 nterra<\/em> \u201c e a <strong>Antonio Barracato<\/strong> di Cefal\u00f9 (PA)&nbsp; con la poesia \u201c<em>Sulu<\/em> \u201c. A seguire il terzo e secondo posto a <strong>Rina Bontempi<\/strong> di Ancona e a Teresa Donatelli Isola Rizza (VR) rispettivamente con le poesie \u201c<em>Artornu a casa<\/em>\u201d e \u201c<em>Guarda n\u00e8i oci un v\u00e8cio<\/em>\u201d.<\/p>\n<p>Il primo premio, con la targa del Comune di Siano, con la lirica \u201c<em>Notti d\u2019amuri<\/em>\u201d, \u00e8 andato a <strong>Alfonsina Campisano Cancemi <\/strong>di Caltagirone (CT).<\/p>\n<p>La serata \u00e8 stata magistralmente moderata dall\u2019 avv. Maria Luisa Sola, componente dell\u2019Associazione e Responsabile del progetto della banca del Tempo \u201c<em>Prestami un\u2019ora<\/em>\u201d<\/p>\n<p>Alla proclamazione seguiva la lettura della recensione, la declamazione delle poesie stesse alcune delle quali declamate dagli autori stessi, infine la premiazione.<\/p>\n<p>Prima di passare alla sezione in lingua viene letta e premiata, fuori concorso, una poesia di Giuseppe de Caro, ospite di Villa Formosa RSA Centro Lars di Siano.&nbsp;<\/p>\n<p>Si passa alla sezione principale che vede l\u2019assegnazione del Premio Speciale a <strong>Carlo Monteleone<\/strong> di Palmi (RC) con la poesia \u201c<em>Sei in me<\/em>\u201d, a <strong>Salavatore d\u2019Aprano<\/strong> di Montreal-Quebec -Canada con la poesia \u201c<em>I migliori anni<\/em>\u201d e a <strong>Anna Elisa de Gregorio <\/strong>di Ancona con la poesia \u201c<em>Il quarto stato<\/em>\u201d.<\/p>\n<p>Si passa al podio del terzo posto a <strong>Teresa Riccobono<\/strong> di Palermo (PA)&nbsp; con la poesia \u201c<em>Raccontami ancora<\/em>\u201d mentre al secondo posto ex aequo si sono classificati con le poesia&nbsp; \u201c<em>Una poesia\u201d <\/em>e<em> \u201c A mio figlio\u201d <\/em>rispettivamente <strong>Gennaro Guerrasio<\/strong> di Pagani (SA) e <strong>Gigliola Magnetti<\/strong> di Lanzo Torinese (TO).<\/p>\n<p>Durante la serata sono state declamate le poesie selezionate dalla giuria scritte dai ragazzi delle Scuola Secondaria di I Grado che hanno partecipato all\u2019iniziativa del \u201c<em>21 marzo Giornata Mondiale della Poesia<\/em>\u201d che l\u2019associazione Amici Insieme mette in campo in collaborazione con la scuola stessa.<\/p>\n<p>Intermezzo musicale affidato a Raffaele Navarra che con strumenti tipici ci ha deliziato con canti e suoni del Sud.<\/p>\n<p>A ciascuno dei premiati \u00e8 stata consegnata l\u2019antologia poetica della XIII edizione del concorso e la guida turistica, realizzata dall\u2019associazione stessa, \u201c <strong><em>Siano \u2026 terra di fascino, di sogni, di poesia ..<\/em><\/strong>\u201d , di oltre 120 pagine, ricca di foto e tradotta anche in lingua inglese.<\/p>\n<p>La serata si \u00e8 conclusa con la premiazione del vincitore, il poeta<strong> Paolo Borsoni<\/strong> di Ancona&nbsp; con la poesia \u201c<em>Cornici<\/em>\u201d, che ha portato a casa 600 \u20ac e la medaglia della Presidenza del Senato della Repubblica Italiana. Tutti i premiati nel loro intervento hanno espresso parole di elogio e di congratulazioni all\u2019Associazione \u201c<em>Amici Insieme<\/em>\u201d per il livello raggiunto, la qualit\u00e0 delle poesie, la professionalit\u00e0 della giuria, l\u2019ottima organizzazione, curata nei minimi particolari e l\u2019accoglienza calorosa ricevuta.<\/p>\n<p>Alla fine l\u2019Associazione ha offerto ai presenti un ricco buffet.<\/p>\n<p>&nbsp;<\/p>\n<p>&nbsp;<\/p>\n<p style=\"text-align: center;\"><strong>XII EDIZIONE 2018<\/strong><br \/>\n<strong>Sezione: Italiano<\/strong><\/p>\n<p style=\"margin: 0cm 0cm 0.0001pt; text-align: center;\">I classificato<br \/>\n\u2022 <strong>Paolo Borsoni<\/strong>, Ancona (AN) , \u201c<strong>Cornici<\/strong>\u201d<\/p>\n<p style=\"margin: 0cm 0cm 0.0001pt; text-align: center;\"><a href=\"https:\/\/www.amiciinsieme.it\/?p=2756#primo\">Motivazioni &#8211; Poesia<\/a><\/p>\n<p>&nbsp;<\/p>\n<p style=\"margin: 0cm 0cm 0.0001pt; text-align: center;\">II classificato&nbsp; ex aequo<br \/>\n\u2022 <strong>Gigliola Magnetti<\/strong>, Lanzo Torinese (TO), \u201c<strong>A mio figlio<\/strong>\u201d<\/p>\n<p style=\"margin: 0cm 0cm 0.0001pt; text-align: center;\"><a href=\"https:\/\/www.amiciinsieme.it\/?p=2756#secondoexe\">Motivazioni &#8211; Poesia<\/a><\/p>\n<p>&nbsp;<\/p>\n<p style=\"margin: 0cm 0cm 0.0001pt; text-align: center;\">II classificato&nbsp; ex aequo<br \/>\n\u2022 <strong>Gennaro Guerrasio<\/strong>, Pagani (SA), \u201c<strong>Una poesia<\/strong>\u201d<\/p>\n<p style=\"margin: 0cm 0cm 0.0001pt; text-align: center;\"><a href=\"https:\/\/www.amiciinsieme.it\/?p=2756#secondo\">Motivazioni &#8211; Poesia<\/a><\/p>\n<p>&nbsp;<\/p>\n<p style=\"margin: 0cm 0cm 0.0001pt; text-align: center;\">III classificato&nbsp;<br \/>\n\u2022 <strong>Teresa Riccobono<\/strong>, Palermo (PA), \u201c<strong>Raccontami ancora<\/strong>\u201d<\/p>\n<p style=\"margin: 0cm 0cm 0.0001pt; text-align: center;\"><a href=\"https:\/\/www.amiciinsieme.it\/?p=2756#terzo\">Motivazioni &#8211; Poesia<\/a><\/p>\n<p>&nbsp;<\/p>\n<p style=\"margin: 0cm 0cm 0.0001pt; text-align: center;\">Premio Speciale della Giuria<br \/>\n\u2022 <strong>Anna Elisa de Gregorio<\/strong>, Ancona (AN), \u201cI<strong>l quarto stato<\/strong>\u201d<\/p>\n<p style=\"margin: 0cm 0cm 0.0001pt; text-align: center;\"><a href=\"https:\/\/www.amiciinsieme.it\/?p=2756#speciale2\">Motivazioni &#8211; Poesia<\/a><\/p>\n<p>&nbsp;<\/p>\n<p style=\"margin: 0cm 0cm 0.0001pt; text-align: center;\">Premio Speciale della Giuria<br \/>\n\u2022 <strong>Salvatore D\u2019Aprano<\/strong>, Montreal- Quebec &#8211; CANADA, \u201c<strong>I migliori anni<\/strong>\u201d<\/p>\n<p style=\"margin: 0cm 0cm 0.0001pt; text-align: center;\"><a href=\"https:\/\/www.amiciinsieme.it\/?p=2756#speciale1\">Motivazioni &#8211; Poesia<\/a><\/p>\n<p>&nbsp;<\/p>\n<p style=\"margin: 0cm 0cm 0.0001pt; text-align: center;\">Premio Speciale della Giuria<br \/>\n\u2022 C<strong>arlo Monteleone<\/strong>, Palmi (RG), \u201c<strong>Sei in me<\/strong>\u201d<\/p>\n<p style=\"margin: 0cm 0cm 0.0001pt; text-align: center;\"><a href=\"https:\/\/www.amiciinsieme.it\/?p=2756#speciale3\">Motivazioni &#8211; Poesia<\/a><\/p>\n<p>&nbsp;<\/p>\n<p style=\"margin: 0cm 0cm 0.0001pt; text-align: center;\"><strong>Sezione: \u201cVernacolo\u201d<\/strong><\/p>\n<p style=\"margin: 0cm 0cm 0.0001pt; text-align: center;\">I classificato<br \/>\n\u2022 <strong>Alfonsina Campisano Cancemi<\/strong>, Caltagirone (CT) , \u201c <strong>Notti d\u2019amuri<\/strong>\u201d<\/p>\n<p style=\"margin: 0cm 0cm 0.0001pt; text-align: center;\"><a href=\"https:\/\/www.amiciinsieme.it\/?p=2756#primovern\">Motivazioni &#8211; Poesia<\/a><\/p>\n<p>&nbsp;<\/p>\n<p style=\"margin: 0cm 0cm 0.0001pt; text-align: center;\">II classificato&nbsp;<br \/>\n\u2022 <strong>Teresa Donatelli<\/strong>, Isoal Rizza (VR), \u201c<strong>Guarda n\u00e8i oci un v\u00e8cio<\/strong>\u201d<\/p>\n<p style=\"margin: 0cm 0cm 0.0001pt; text-align: center;\"><a href=\"https:\/\/www.amiciinsieme.it\/?p=2756#secondovern\">Motivazioni &#8211; Poesia<\/a><\/p>\n<p>&nbsp;<\/p>\n<p style=\"margin: 0cm 0cm 0.0001pt; text-align: center;\">III classificato<br \/>\n\u2022 <strong>Rina Bontempi<\/strong>, Genova (GE), \u201c <strong>Artornu a casa<\/strong>\u201d<\/p>\n<p style=\"margin: 0cm 0cm 0.0001pt; text-align: center;\"><a href=\"https:\/\/www.amiciinsieme.it\/?p=2756#terzovern\">Motivazioni &#8211; Poesia<\/a><\/p>\n<p>&nbsp;<\/p>\n<p style=\"margin: 0cm 0cm 0.0001pt; text-align: center;\">Premio Speciale della Giuria<br \/>\n\u2022 <strong>Antonio Barracato<\/strong>, Cefal\u00f9&nbsp; (PA), <strong>\u201c Sulu\u201d<\/strong><\/p>\n<p style=\"margin: 0cm 0cm 0.0001pt; text-align: center;\"><a href=\"https:\/\/www.amiciinsieme.it\/?p=2756#specialevern\">Motivazioni &#8211; Poesia<\/a><\/p>\n<p>&nbsp;<\/p>\n<p style=\"margin: 0cm 0cm 0.0001pt; text-align: center;\">Premio Speciale della Giuria<br \/>\n\u2022 <strong>Mauro Milani<\/strong>, Genova&nbsp; (GE), <strong>\u201c Fuoc\u2019 n terra\u201d<\/strong><\/p>\n<p style=\"margin: 0cm 0cm 0.0001pt; text-align: center;\"><a href=\"https:\/\/www.amiciinsieme.it\/?p=2756#specialevern2\">Motivazioni &#8211; Poesia<\/a><\/p>\n<p>&nbsp;<\/p>\n<p style=\"margin: 0cm 0cm 0.0001pt; text-align: center;\">Premio Speciale della Giuria<br \/>\n\u2022 <strong>Francesco Milillo<\/strong>, Bari&nbsp; (BA), <strong>\u201c Na\u2019 fotograf\u00ec\u201d<\/strong><\/p>\n<p style=\"margin: 0cm 0cm 0.0001pt; text-align: center;\"><a href=\"https:\/\/www.amiciinsieme.it\/?p=2756#specialevern3\">Motivazioni &#8211; Poesia<\/a><\/p>\n<p style=\"margin: 0cm 0cm 0.0001pt; text-align: center;\">&nbsp;<\/p>\n<div align=\"center\">\nngg_shortcode_0_placeholder\n<\/div>\n<div style=\"padding-bottom:20px; padding-top:10px;\" class=\"hupso-share-buttons\"><!-- Hupso Share Buttons - https:\/\/www.hupso.com\/share\/ --><a class=\"hupso_counters\" href=\"https:\/\/www.hupso.com\/share\/\"><img data-recalc-dims=\"1\" decoding=\"async\" src=\"https:\/\/i0.wp.com\/static.hupso.com\/share\/buttons\/lang\/it\/share-small.png?w=642&#038;ssl=1\" style=\"border:0px; padding-top:2px; float:left;\" alt=\"Share Button\"\/><\/a><script type=\"text\/javascript\">var hupso_services_c=new Array(\"twitter\",\"facebook_like\",\"facebook_send\");var hupso_counters_lang = \"it_IT\";var hupso_image_folder_url = \"\";var hupso_twitter_via=\"amiciinsieme\";var hupso_url_c=\"\";var hupso_title_c=\"Concorso%20di%20Poesia%20-%20%22Verso%20i%20versi%22%20-%202018\";<\/script><script type=\"text\/javascript\" src=\"https:\/\/static.hupso.com\/share\/js\/counters.js\"><\/script><!-- Hupso Share Buttons --><\/div>","protected":false},"excerpt":{"rendered":"<p>Concorso di Poesia &#8211; &#8220;Verso i versi&#8221; &#8211; 2018 &nbsp; Presso il Centro Civico \u201cG. Siani\u201d a Siano, sabato scorso 8 settembre alla presenza di tantissime persone si \u00e8 tenuta la cerimonia di premiazione della XIII edizione del concorso nazionale di poesia \u201cVerso i versi\u201d Citt\u00e0 di Siano (SA) organizzato dall\u2019Associazione socio culturale\u201cAmici Insieme\u201d.&nbsp; \u201cSiamo soddisfatti del successo di questa tredicesima edizione del concorso e della serata vista la presenza di tante persone che attendevano questo appuntamento di fine estate.<\/p>\n<div style=\"padding-bottom:20px; padding-top:10px;\" class=\"hupso-share-buttons\"><!-- Hupso Share Buttons - https:\/\/www.hupso.com\/share\/ --><a class=\"hupso_counters\" href=\"https:\/\/www.hupso.com\/share\/\"><img src=\"https:\/\/static.hupso.com\/share\/buttons\/lang\/it\/share-small.png\" style=\"border:0px; padding-top:2px; float:left;\" alt=\"Share Button\"\/><\/a><script type=\"text\/javascript\">var hupso_services_c=new Array(\"twitter\",\"facebook_like\",\"facebook_send\");var hupso_counters_lang = \"it_IT\";var hupso_image_folder_url = \"\";var hupso_twitter_via=\"amiciinsieme\";var hupso_url_c=\"\";var hupso_title_c=\"Concorso%20di%20Poesia%20-%20%22Verso%20i%20versi%22%20-%202018\";<\/script><script type=\"text\/javascript\" src=\"https:\/\/static.hupso.com\/share\/js\/counters.js\"><\/script><!-- Hupso Share Buttons --><\/div>","protected":false},"author":1,"featured_media":2739,"parent":82,"menu_order":0,"comment_status":"open","ping_status":"closed","template":"","meta":{"ngg_post_thumbnail":0,"footnotes":""},"class_list":["post-2494","page","type-page","status-publish","has-post-thumbnail","hentry"],"jetpack_sharing_enabled":true,"jetpack_shortlink":"https:\/\/wp.me\/P91vVa-Ee","jetpack-related-posts":[],"_links":{"self":[{"href":"https:\/\/www.amiciinsieme.it\/index.php\/wp-json\/wp\/v2\/pages\/2494"}],"collection":[{"href":"https:\/\/www.amiciinsieme.it\/index.php\/wp-json\/wp\/v2\/pages"}],"about":[{"href":"https:\/\/www.amiciinsieme.it\/index.php\/wp-json\/wp\/v2\/types\/page"}],"author":[{"embeddable":true,"href":"https:\/\/www.amiciinsieme.it\/index.php\/wp-json\/wp\/v2\/users\/1"}],"replies":[{"embeddable":true,"href":"https:\/\/www.amiciinsieme.it\/index.php\/wp-json\/wp\/v2\/comments?post=2494"}],"version-history":[{"count":9,"href":"https:\/\/www.amiciinsieme.it\/index.php\/wp-json\/wp\/v2\/pages\/2494\/revisions"}],"predecessor-version":[{"id":2960,"href":"https:\/\/www.amiciinsieme.it\/index.php\/wp-json\/wp\/v2\/pages\/2494\/revisions\/2960"}],"up":[{"embeddable":true,"href":"https:\/\/www.amiciinsieme.it\/index.php\/wp-json\/wp\/v2\/pages\/82"}],"wp:featuredmedia":[{"embeddable":true,"href":"https:\/\/www.amiciinsieme.it\/index.php\/wp-json\/wp\/v2\/media\/2739"}],"wp:attachment":[{"href":"https:\/\/www.amiciinsieme.it\/index.php\/wp-json\/wp\/v2\/media?parent=2494"}],"curies":[{"name":"wp","href":"https:\/\/api.w.org\/{rel}","templated":true}]}}