{"id":470,"date":"2013-09-20T14:53:26","date_gmt":"2013-09-20T12:53:26","guid":{"rendered":"http:\/\/www.amiciinsieme.it\/?page_id=470"},"modified":"2013-10-18T00:56:17","modified_gmt":"2013-10-17T22:56:17","slug":"concorso-poesia-verso-i-versi-2013","status":"publish","type":"page","link":"https:\/\/www.amiciinsieme.it\/index.php\/albo-doro-concorso-di-poesia-verso-i-versi\/concorso-poesia-verso-i-versi-2013\/","title":{"rendered":"Concorso di Poesia &#8211; &#8220;Verso i versi&#8221; &#8211; 2013"},"content":{"rendered":"<p>\nSIANO \u2013 Presso l\u2019atrio di Palazzo Donnarumma, sabato scorso 7 settembre a Siano, alla presenza di tantissime persone si \u00e8 tenuta la cerimonia di premiazione della VIII edizione del concorso nazionale di poesia \u201c<b><i>Verso i versi<\/i><\/b>\u201d Citt\u00e0 di Siano (SA) organizzato dall\u2019Associazione socio culturale \u201c<i>Amici Insieme<\/i>\u201d.<\/p>\n<p>\u201c<i>Siamo soddisfatti del successo di questa ottava edizione del concorso e della serata vista la presenza di tante persone che attendevano questo appuntamento di fine estate. Puntiamo a crescere ancora perch\u00e8 riteniamo che la cultura sia un pilastro insostituibile in una societ\u00e0 pi\u00f9 giusta e pi\u00f9 libera.<\/i>\u201d<\/p>\n<p> Queste le parole iniziali, che accompagnano i saluti di Andrea Riccio, Presidente dell\u2019associazione, che da dieci anni insieme a tanti giovani collaboratori, che durante la cerimonia ha pi\u00f9 volte ringraziato, sta contribuendo con professionalit\u00e0 alla crescita socio-culturale, al rilancio e alla promozione\u00a0 di Siano.\u00a0<\/p>\n<p>A sottolineare il livello di visibilit\u00e0 raggiunto del concorso, articolato in una unica sezione italiano \/vernacolo, il presidente Riccio ha evidenziato che anche questa edizione \u00e8 stata impreziosita dai premi di rappresentanza inviati dal Presidente della Repubblica Italiana e dalle Presidenze dei due rami del Parlamento Italiano, Camera dei Deputati e Senato della Repubblica, e ricevuto il Patrocinio del Ministero per i Beni ed Attivit\u00e0 Culturali, ha poi ringraziato i componenti della giuria presieduta dalla prof.ssa Anna Maria Giordano coadiuvata dalle professoresse Concetta Riccio, Gaetana Leo e dallo storico prof. Francesco Caiazza.<\/p>\n<p>La serata, moderata magistralmente da Venanzio Lanzara, addetto stampa dell\u2019Associazione, ha visto poi in sequenza gli interventi del Sindaco Sabato Tenore e del consigliere delegato all\u2019associazionismo Carmine Leo che hanno sottolineato la valenza culturale della manifestazione evidenziando l\u2019impegno dell\u2019Associazione per migliorare il territorio, successivamente apprezzamenti sono stati espressi dalla Consigliera di Parit\u00e0 della Provincia di Salerno, Avv. Fiordelisa Leone e dell\u2019Assessore provinciale alle politiche del lavoro, Pina Esposito che ha portato i saluti e l\u2019apprezzamento per l\u2019iniziativa del Presidente della Provincia di Salerno.<\/p>\n<p>Successivamente prende la parola il Presidente della Giuria, prof.ssa Anna Maria Giordano, la quale ha avuto parole di elogio per l\u2019organizzazione, ha sottolineato ed \u00a0illustrato i criteri seguiti dalla Giuria nell\u2019assegnazione dei premi. Nel pi\u00f9 totale anonimato, la Giuria, incaricata di valutare le composizioni poetiche, ha innanzi tutto preso atto della numerosa partecipazione ed ha sottolineato il livello qualitativo dei testi ritenendolo elevato. Una prima fase di lettura e di giudizio \u00e8 stata compiuta singolarmente da ciascuno dei componenti la Giuria e successivamente, ha avuto luogo un\u2019attenta comparazione, con una unanime indicazione finale di classifica e dei premi da attribuire.<\/p>\n<p>L\u2019associazione ha messo campo un\u2019ottima organizzazione\u00a0 curando tutto nei minimi particolari a partire dall\u2019accoglienza dei vincitori, infatti questi prima della cerimonia sono stati guidati da alcuni collaboratori dell\u2019associazione in un piccolo tour tra le bellezze artistiche e architettoniche della Citt\u00e0 di Siano, per poi essere accolti nell\u2019atrio di Palazzo Donnarumma, dove si \u00e8 tenuta la cerimonia di premiazione.<br \/>Si parte con la premiazione e con la sezione \u201c<i>Donna in versi<\/i>\u201d, categoria dedicata alle poesie ricolte al mondo femminile, e l\u2019assegnazione del Premio Speciale ad <b>Alessandro Valentini<\/b> di Roma\u00a0 con la poesia \u201c<i>Er mejo de te<\/i> \u201c.<br \/>Il primo premio, con la lirica \u201c<i>Krimba \u2013 Crisalidi<\/i>\u201d, in dialetto arbereshe \u00e8 andato a <b>Giovanni Trioano<\/b> di<b> <\/b>Trebisacce (CS) portandosi a casa 200 \u20ac + una pergamena + la medaglia del Presidente della Repubblica Italiana.<br \/>Alla proclamazione seguiva la lettura della recensione, la declamazione delle poesie stesse alcune delle quali declamate dagli autori stessi ed altre dagli attori della Compagnia Stabile Teatrale Sianese ed infine la premiazione.<br \/>Si passa alla sezione principale che vede in sequenza l\u2019assegnazione della Menzione d\u2019Onore, del Premio Speciale e della Segnalazione di Merito rispettivamente ad <b>Alfonso Tagliamonte<\/b> di Nocera Inferiore (SA) con la poesia \u201c<i>Meta<\/i>\u201d, a <b>Franco Fiorini<\/b> di Veroli (FR) con la lirica \u201c<i>L\u2019ulivo di mio padre<\/i>\u201d ed infine ad <b>Anna Olimpo<\/b> di Siano con la poesia \u201c <i>Te sent<\/i>\u201d.<br \/>Al terzo posto si \u00e8 classificata la poetessa <b>Annamaria Cardillo<\/b> di Roma con la poesia \u201c<i>Fra poco<\/i>\u201d mentre al secondo posto abbiamo un ex aequo con\u00a0 \u201c<i>Ricamo in versi per una madre<\/i>\u201d di <b>Rosanna Spina<\/b> di Venturina (LI) e con \u201c<i>Le vecchie barche<\/i>\u201d di <b>Niccol\u00f2 Andrea Lisetti<\/b> di Firenze.<\/p>\n<p> A ciascuno dei premiati \u00e8 stata consegnata l\u2019antologia poetica della VIII edizione del concorso e la guida turistica, realizzata dall\u2019associazione stessa, \u201c <b><i>Siano \u2026 terra di fascino, di sogni, di poesia ..<\/i><\/b>\u201d , di oltre 120 pagine, ricca di foto e tradotta anche in lingua inglese.<\/p>\n<p>Prima di passare alla proclamazione del vincitore di questa ottava edizione del concorso,\u00a0 l\u2019Associazione ha consegnato il Premio della Cultura alla memoria del prof. <strong>Carmine Manzi<\/strong>, scrittore, giornalista e saggista di Mercato S.Severino, consegnando la targa della Camera di Commercio di Salerno alla figlia\u00a0 Anna Manzi.<\/p>\n<p>La serata si \u00e8 conclusa con la premiazione del vincitore,\u00a0 il poeta <b>Bruno Fiorentini<\/b> di Bracciano (RM) con la poesia \u201c<i>Sera nel porto<\/i>\u201d, che ha portato a casa 600 \u20ac + una pergamena + la medaglia del Presidente della Repubblica Italiana. Tutti i premiati nel loro intervento hanno espresso parole di elogio e di congratulazioni all\u2019Associazione \u201c<i>Amici Insieme<\/i>\u201d per il livello raggiunto, l\u2019ottima organizzazione e l\u2019accoglienza ricevuta.<br \/>Alla fine l\u2019Associazione ha offerto ai presenti un ricco buffet.<\/p>\n<p> Il concorso \u00e8 stato articolato in due sezioni: Sezione A e \u201c<i>Donna in versi<\/i>\u201d<\/p>\n<p><\/p>\n<p><strong>Componenti Giuria <br \/><\/strong><\/p>\n<p>Prof. Francesco Caiazza<\/p>\n<p>Prof.ssa Anna Maria Giordano\u00a0<em>Presidente<\/em><\/p>\n<p>Prof.ssa Concetta Riccio<\/p>\n<p>Prof.ssa Gaetana Leo<\/p>\n<p><\/p>\n<p style=\"text-align: center;\"><strong>Sezione: Adulti<br \/><em>Poesie Premiate<\/em><\/strong><\/p>\n<p style=\"text-align: center;\">I classificato <b>( 600 \u20ac + targa + pergamena + antologia del concorso +\u00a0 guida turistica di Siano + Medaglia del Presidente della Repubblica)<\/b><br \/> \u2022 <b>Bruno Fiorentini<\/b>, di Bracciano (RM), \u201c<b>Sera nel porto<\/b>\u201d <br \/> <a href=\".\/concorso-di-poesia-verso-i-versi-2013-motivazioni#primo\">Motivazioni &#8211; Poesia<\/a><\/p>\n<p style=\"text-align: center;\">II classificato ex aequo <b>\u00a0( 200 \u20ac + targa + pergamena + antologia del concorso + guida turistica di Siano + medaglia Senato della Repubblica Italiana<\/b><br \/> \u2022 <b>Rossana Spina<\/b>, di Venturina (LI), \u201cRicamo in versi per una madre\u201d <br \/> <a href=\".\/concorso-di-poesia-verso-i-versi-2013-motivazioni#secondo1\">Motivazioni &#8211; Poesia<\/a><\/p>\n<p style=\"text-align: center;\">II classificato ex aequo (<b> 200 \u20ac + targa + pergamena + antologia del concorso + guida turistica di Siano <\/b>)<br \/> \u2022 <b>Niccol\u00f2 Andrea Lisetti<\/b>, di Firenze, \u201c<b>Le vecchie barche<\/b>\u201d <br \/> <a href=\".\/concorso-di-poesia-verso-i-versi-2013-motivazioni#secondo2\">Motivazioni &#8211; Poesia<\/a><\/p>\n<p style=\"text-align: center;\">III classificato <b>(200 \u20ac + targa + pergamena + antologia del concorso + omaggio floreale + guida turistica di Siano + Medaglia camera dei Deputati<\/b><br \/> \u2022 <b>Annamaria Cardillo, <\/b>di<b> <\/b>Roma , \u201c<b>Fra poco<\/b>\u201d <br \/> <a href=\".\/concorso-di-poesia-verso-i-versi-2013-motivazioni#terzo\">Motivazioni &#8211; Poesia<\/a><\/p>\n<p style=\"text-align: center;\">Menzione d\u2019Onore della Giuria \u00a0<b>(targa + pergamena + antologia del concorso + guida turistica di Siano )<br \/><\/b>\u2022 <b>Alfonso Tagliamonte, <\/b>di Nocera Inferiore (SA), \u201c<b>Meta<\/b>\u201d<br \/> <a href=\".\/concorso-di-poesia-verso-i-versi-2013-motivazioni#onore\">Motivazioni &#8211; Poesia<\/a><\/p>\n<p style=\"text-align: center;\">Segnalazione di Merito della Giuria <b>(targa + pergamena + omaggio floreale + antologia del concorso + guida turistica di Siano )<br \/><\/b>\u2022 <b>Anna Olimpo<\/b>, di Siano (SA), \u201c<b>Te sent<\/b>\u201d<br \/><a href=\".\/concorso-di-poesia-verso-i-versi-2013-motivazioni#merito\">Motivazioni &#8211; Poesia<\/a><\/p>\n<p style=\"text-align: center;\">Premio Speciale della Giuria <b>(targa + pergamena + antologia del concorso + guida turistica di Siano )<br \/><\/b>\u2022 <b>Franco Fiorini<\/b>, di Veroli (FR), \u201c<b>L\u2019ulivo di mio padre<\/b>\u201d<br \/><a href=\".\/concorso-di-poesia-verso-i-versi-2013-motivazioni#speciale\">Motivazioni &#8211; Poesia<\/a><\/p>\n<p>&nbsp;<\/p>\n<p style=\"text-align: center;\"><strong>Sezione: Donna in versi<\/strong><br \/><em><strong>Poesie Premiate<\/strong><\/em><\/p>\n<p style=\"text-align: center;\">I classificato <b>(200 \u20ac + targa + pergamena + antologia del concorso + guida turistica di Siano + Medaglia del Presidente della Repubblica<\/b><br \/> \u2022 <b>Giovanni Troiano<\/b>, di Trebisacce (CS), \u201c<b>Krimba \u2013 Crisalidi<\/b>\u201d <br \/> <a href=\".\/concorso-di-poesia-verso-i-versi-2013-motivazioni#primodonna\">Motivazioni &#8211; Poesia<\/a><\/p>\n<p style=\"text-align: center;\">Premio Speciale della Giuria<b> (targa + pergamena + antologia del concorso + omaggio floreale + guida turistica di Siano)<br \/><\/b>\u2022 <b>Alessandro Valentini <\/b>, di Roma , \u201c<b>Er mejo de te<\/b>\u201d<br \/><a href=\".\/concorso-di-poesia-verso-i-versi-2013-motivazioni#specialedonna\">Motivazioni &#8211; Poesia<\/a><\/p>\n<p>&nbsp;<\/p>\n<p><b>Premio Speciale della Cultura alla memoria del grande poeta, saggista, scrittore prof.<a href=\".\/concorso-di-poesia-verso-i-versi-2013-motivazioni#manzi\"> Carmine Manzi<\/a> di Mercato S.Severino, ha ritirato il premio la figlia Anna Manzi.<\/b><\/p>\n<p><p>Invalid Displayed Gallery<\/p> <\/p>\n<div style=\"padding-bottom:20px; padding-top:10px;\" class=\"hupso-share-buttons\"><!-- Hupso Share Buttons - https:\/\/www.hupso.com\/share\/ --><a class=\"hupso_counters\" href=\"https:\/\/www.hupso.com\/share\/\"><img data-recalc-dims=\"1\" decoding=\"async\" src=\"https:\/\/i0.wp.com\/static.hupso.com\/share\/buttons\/lang\/it\/share-small.png?w=642&#038;ssl=1\" style=\"border:0px; padding-top:2px; float:left;\" alt=\"Share Button\"\/><\/a><script type=\"text\/javascript\">var hupso_services_c=new Array(\"twitter\",\"facebook_like\",\"facebook_send\");var hupso_counters_lang = \"it_IT\";var hupso_image_folder_url = \"\";var hupso_twitter_via=\"amiciinsieme\";var hupso_url_c=\"\";var hupso_title_c=\"Concorso%20di%20Poesia%20-%20%22Verso%20i%20versi%22%20-%202013\";<\/script><script type=\"text\/javascript\" src=\"https:\/\/static.hupso.com\/share\/js\/counters.js\"><\/script><!-- Hupso Share Buttons --><\/div>","protected":false},"excerpt":{"rendered":"<p>SIANO \u2013 Presso l\u2019atrio di Palazzo Donnarumma, sabato scorso 7 settembre a Siano, alla presenza di tantissime persone si \u00e8 tenuta la cerimonia di premiazione della VIII edizione del concorso nazionale di poesia \u201cVerso i versi\u201d Citt\u00e0 di Siano (SA) organizzato dall\u2019Associazione socio culturale \u201cAmici Insieme\u201d. \u201cSiamo soddisfatti del successo di questa ottava edizione del concorso e della serata vista la presenza di tante persone che attendevano questo appuntamento di fine estate. Puntiamo a crescere ancora perch\u00e8 riteniamo che la cultura sia un pilastro insostituibile in una societ\u00e0 pi\u00f9 giusta e pi\u00f9 libera.\u201d Queste le parole iniziali, che accompagnano i saluti di Andrea Riccio, Presidente dell\u2019associazione, che da dieci anni insieme a tanti giovani collaboratori, che durante la cerimonia ha pi\u00f9 volte ringraziato, sta contribuendo con professionalit\u00e0 alla crescita socio-culturale, al rilancio e alla promozione\u00a0 di Siano.\u00a0 A sottolineare il livello di visibilit\u00e0 raggiunto del concorso, articolato in una unica sezione italiano \/vernacolo, il presidente Riccio ha evidenziato che anche questa edizione \u00e8 stata impreziosita dai premi di rappresentanza inviati dal Presidente della Repubblica Italiana e dalle Presidenze dei due rami del Parlamento Italiano, Camera dei Deputati e Senato della Repubblica, e ricevuto il Patrocinio del Ministero per i Beni &hellip; <a class=\"readmore\" href=\"https:\/\/www.amiciinsieme.it\/index.php\/albo-doro-concorso-di-poesia-verso-i-versi\/concorso-poesia-verso-i-versi-2013\/\">Continua a leggere \u2192<\/a><\/p>\n<div style=\"padding-bottom:20px; padding-top:10px;\" class=\"hupso-share-buttons\"><!-- Hupso Share Buttons - https:\/\/www.hupso.com\/share\/ --><a class=\"hupso_counters\" href=\"https:\/\/www.hupso.com\/share\/\"><img src=\"https:\/\/static.hupso.com\/share\/buttons\/lang\/it\/share-small.png\" style=\"border:0px; padding-top:2px; float:left;\" alt=\"Share Button\"\/><\/a><script type=\"text\/javascript\">var hupso_services_c=new Array(\"twitter\",\"facebook_like\",\"facebook_send\");var hupso_counters_lang = \"it_IT\";var hupso_image_folder_url = \"\";var hupso_twitter_via=\"amiciinsieme\";var hupso_url_c=\"\";var hupso_title_c=\"Concorso%20di%20Poesia%20-%20%22Verso%20i%20versi%22%20-%202013\";<\/script><script type=\"text\/javascript\" src=\"https:\/\/static.hupso.com\/share\/js\/counters.js\"><\/script><!-- Hupso Share Buttons --><\/div>","protected":false},"author":1,"featured_media":514,"parent":82,"menu_order":0,"comment_status":"open","ping_status":"open","template":"","meta":{"ngg_post_thumbnail":0,"footnotes":""},"class_list":["post-470","page","type-page","status-publish","has-post-thumbnail","hentry"],"jetpack_sharing_enabled":true,"jetpack_shortlink":"https:\/\/wp.me\/P91vVa-7A","jetpack-related-posts":[],"_links":{"self":[{"href":"https:\/\/www.amiciinsieme.it\/index.php\/wp-json\/wp\/v2\/pages\/470"}],"collection":[{"href":"https:\/\/www.amiciinsieme.it\/index.php\/wp-json\/wp\/v2\/pages"}],"about":[{"href":"https:\/\/www.amiciinsieme.it\/index.php\/wp-json\/wp\/v2\/types\/page"}],"author":[{"embeddable":true,"href":"https:\/\/www.amiciinsieme.it\/index.php\/wp-json\/wp\/v2\/users\/1"}],"replies":[{"embeddable":true,"href":"https:\/\/www.amiciinsieme.it\/index.php\/wp-json\/wp\/v2\/comments?post=470"}],"version-history":[{"count":10,"href":"https:\/\/www.amiciinsieme.it\/index.php\/wp-json\/wp\/v2\/pages\/470\/revisions"}],"predecessor-version":[{"id":513,"href":"https:\/\/www.amiciinsieme.it\/index.php\/wp-json\/wp\/v2\/pages\/470\/revisions\/513"}],"up":[{"embeddable":true,"href":"https:\/\/www.amiciinsieme.it\/index.php\/wp-json\/wp\/v2\/pages\/82"}],"wp:featuredmedia":[{"embeddable":true,"href":"https:\/\/www.amiciinsieme.it\/index.php\/wp-json\/wp\/v2\/media\/514"}],"wp:attachment":[{"href":"https:\/\/www.amiciinsieme.it\/index.php\/wp-json\/wp\/v2\/media?parent=470"}],"curies":[{"name":"wp","href":"https:\/\/api.w.org\/{rel}","templated":true}]}}